{"id":423,"date":"2026-04-02T08:17:50","date_gmt":"2026-04-02T08:17:50","guid":{"rendered":"https:\/\/odyssee-kayak.com\/?page_id=423"},"modified":"2026-04-02T12:48:24","modified_gmt":"2026-04-02T12:48:24","slug":"paddle","status":"publish","type":"page","link":"https:\/\/odyssee-kayak.com\/index.php\/paddle\/","title":{"rendered":"Paddles"},"content":{"rendered":"\n<div class=\"wp-block-cover alignfull is-light\" style=\"min-height:450px;aspect-ratio:unset;\"><img loading=\"lazy\" decoding=\"async\" width=\"1024\" height=\"683\" class=\"wp-block-cover__image-background wp-image-462 size-large\" alt=\"\" src=\"https:\/\/odyssee-kayak.com\/wp-content\/uploads\/2026\/04\/maddle-nv-6i1znUg8-unsplash-1-1024x683.jpg\" style=\"object-position:53% 82%\" data-object-fit=\"cover\" data-object-position=\"53% 82%\" srcset=\"https:\/\/odyssee-kayak.com\/wp-content\/uploads\/2026\/04\/maddle-nv-6i1znUg8-unsplash-1-1024x683.jpg 1024w, https:\/\/odyssee-kayak.com\/wp-content\/uploads\/2026\/04\/maddle-nv-6i1znUg8-unsplash-1-300x200.jpg 300w, https:\/\/odyssee-kayak.com\/wp-content\/uploads\/2026\/04\/maddle-nv-6i1znUg8-unsplash-1-768x512.jpg 768w, https:\/\/odyssee-kayak.com\/wp-content\/uploads\/2026\/04\/maddle-nv-6i1znUg8-unsplash-1-1536x1024.jpg 1536w, https:\/\/odyssee-kayak.com\/wp-content\/uploads\/2026\/04\/maddle-nv-6i1znUg8-unsplash-1-2048x1365.jpg 2048w\" sizes=\"auto, (max-width: 1024px) 100vw, 1024px\" \/><span aria-hidden=\"true\" class=\"wp-block-cover__background has-background-dim-30 has-background-dim\" style=\"background-color:#fe6c1c\"><\/span><div class=\"wp-block-cover__inner-container is-layout-flow wp-block-cover-is-layout-flow\">\n<h1 class=\"wp-block-heading has-text-align-center has-white-color has-text-color\" style=\"font-size:clamp(2.418rem, 2.418rem + ((1vw - 0.2rem) * 3.785), 4.5rem);\"><strong><font dir=\"auto\" style=\"vertical-align: inherit;\"><font dir=\"auto\" style=\"vertical-align: inherit;\">Paddles<\/font><\/font><\/strong><\/h1>\n\n\n\n<p class=\"has-text-align-center has-white-color has-text-color has-medium-font-size\">Une glisse douce et accessible sur l&#8217;eau<\/p>\n\n\n\n<div class=\"wp-block-buttons is-content-justification-center is-layout-flex wp-container-core-buttons-is-layout-a89b3969 wp-block-buttons-is-layout-flex\">\n<div class=\"wp-block-button is-style-fill\"><a class=\"wp-block-button__link has-text-color has-background wp-element-button\" href=\"https:\/\/odyssee.store.rentals\/#\/jardsurmer\/timing?lang=fr\" style=\"color:#ffffff;background-color:#fe6c1c;padding-top:var(--wp--preset--spacing--20);padding-right:var(--wp--preset--spacing--30);padding-bottom:var(--wp--preset--spacing--20);padding-left:var(--wp--preset--spacing--30)\" target=\"_blank\" rel=\"noreferrer noopener\">R\u00e9server mon paddle<\/a><\/div>\n<\/div>\n<\/div><\/div>\n\n\n\n<div style=\"height:48px\" aria-hidden=\"true\" class=\"wp-block-spacer\"><\/div>\n\n\n\n<div class=\"wp-block-columns is-layout-flex wp-container-core-columns-is-layout-9ba60401 wp-block-columns-is-layout-flex\">\n<div class=\"wp-block-column is-layout-flow wp-block-column-is-layout-flow\" style=\"flex-basis:60%\">\n<h2 class=\"wp-block-heading has-text-color has-large-font-size\" style=\"color:#003a5c\">\u00c0 propos du paddle<\/h2>\n\n\n\n<hr class=\"wp-block-separator has-css-opacity has-text-color has-primary-color has-alpha-channel-opacity has-primary-background-color is-style-wide\"\/>\n\n\n\n<div style=\"height:16px\" aria-hidden=\"true\" class=\"wp-block-spacer\"><\/div>\n\n\n\n<p>Le stand-up paddle (SUP) est une activit\u00e9 nautique accessible \u00e0 tous, alliant \u00e9quilibre, glisse et d\u00e9couverte du littoral. Debout sur votre planche, pagayez \u00e0 votre rythme et profitez d&#8217;une vue unique sur la c\u00f4te.<\/p>\n\n\n\n<div style=\"height:16px\" aria-hidden=\"true\" class=\"wp-block-spacer\"><\/div>\n\n\n\n<h2 class=\"wp-block-heading has-text-color has-large-font-size\" style=\"color:#003a5c\">Pourquoi choisir ce mod\u00e8le ?<\/h2>\n\n\n\n<hr class=\"wp-block-separator has-css-opacity has-text-color has-primary-color has-alpha-channel-opacity has-primary-background-color is-style-wide\"\/>\n\n\n\n<div style=\"height:16px\" aria-hidden=\"true\" class=\"wp-block-spacer\"><\/div>\n\n\n\n<p>Le paddle est parfait pour celles et ceux qui souhaitent profiter de la mer \u00e0 leur propre rythme, en toute s\u00e9r\u00e9nit\u00e9. C&#8217;est une activit\u00e9 compl\u00e8te, douce pour le corps, id\u00e9ale pour explorer la zone de navigation en toute libert\u00e9.<\/p>\n<\/div>\n\n\n\n<div class=\"wp-block-column is-layout-flow wp-block-column-is-layout-flow\">\n<div class=\"wp-block-group has-background has-global-padding is-layout-constrained wp-container-core-group-is-layout-430a0e02 wp-block-group-is-layout-constrained\" style=\"background-color:#f0f4f8;padding-top:32px;padding-right:32px;padding-bottom:32px;padding-left:32px\">\n<h2 class=\"wp-block-heading has-text-align-center has-text-color has-medium-font-size\" style=\"color:#003a5c\">Informations utiles<\/h2>\n\n\n\n<hr class=\"wp-block-separator has-css-opacity has-text-color has-primary-color has-alpha-channel-opacity has-primary-background-color is-style-wide\"\/>\n\n\n\n<div style=\"height:16px\" aria-hidden=\"true\" class=\"wp-block-spacer\"><\/div>\n\n\n\n<ul class=\"wp-block-list\">\n<li>1 personne<\/li>\n\n\n\n<li>Accessible d\u00e9butants<\/li>\n\n\n\n<li>Id\u00e9al pour une balade calme et \u00e9quilibr\u00e9e<\/li>\n\n\n\n<li>Pagaie et gilet de sauvetage fournis<\/li>\n\n\n\n<li>Retrait autonome via notre distributeur connect\u00e9<\/li>\n<\/ul>\n<\/div>\n<\/div>\n<\/div>\n\n\n\n<div style=\"height:48px\" aria-hidden=\"true\" class=\"wp-block-spacer\"><\/div>\n\n\n\n<div class=\"wp-block-group has-background has-global-padding is-layout-constrained wp-container-core-group-is-layout-48d3c411 wp-block-group-is-layout-constrained\" style=\"border-top-left-radius:10px;border-top-right-radius:10px;border-bottom-left-radius:10px;border-bottom-right-radius:10px;background-color:#003a5c;margin-top:0;margin-bottom:var(--wp--preset--spacing--80);padding-top:40px;padding-right:48px;padding-bottom:40px;padding-left:48px\">\n<p class=\"has-text-align-center has-white-color has-text-color has-medium-font-size\">Pr\u00eat(e) \u00e0 prendre le large ? R\u00e9servez votre paddle en quelques clics et profitez d&#8217;une exp\u00e9rience nautique inoubliable.<\/p>\n\n\n\n<div style=\"height:16px\" aria-hidden=\"true\" class=\"wp-block-spacer\"><\/div>\n\n\n\n<div class=\"wp-block-buttons is-content-justification-center is-layout-flex wp-container-core-buttons-is-layout-a89b3969 wp-block-buttons-is-layout-flex\">\n<div class=\"wp-block-button is-style-fill\"><a class=\"wp-block-button__link has-text-color has-background wp-element-button\" href=\"https:\/\/odyssee.store.rentals\/#\/jardsurmer\/timing?lang=fr\" style=\"color:#ffffff;background-color:#fe6c1c;padding-top:var(--wp--preset--spacing--20);padding-right:var(--wp--preset--spacing--30);padding-bottom:var(--wp--preset--spacing--20);padding-left:var(--wp--preset--spacing--30)\" target=\"_blank\" rel=\"noreferrer noopener\">R\u00e9server maintenant<\/a><\/div>\n<\/div>\n<\/div>\n\n\n\n<p><\/p>\n","protected":false},"excerpt":{"rendered":"<p>\u00c0 propos du paddle Le stand-up paddle (SUP) est une activit\u00e9 nautique accessible \u00e0 tous, alliant \u00e9quilibre, glisse et d\u00e9couverte du littoral. Debout sur votre planche, pagayez \u00e0 votre rythme et profitez d&#8217;une vue unique sur la c\u00f4te. Pourquoi choisir ce mod\u00e8le ? Le paddle est parfait pour celles et ceux qui souhaitent profiter de [&hellip;]<\/p>\n","protected":false},"author":1,"featured_media":0,"parent":0,"menu_order":0,"comment_status":"closed","ping_status":"closed","template":"","meta":{"footnotes":""},"class_list":["post-423","page","type-page","status-publish","hentry"],"_links":{"self":[{"href":"https:\/\/odyssee-kayak.com\/index.php\/wp-json\/wp\/v2\/pages\/423","targetHints":{"allow":["GET"]}}],"collection":[{"href":"https:\/\/odyssee-kayak.com\/index.php\/wp-json\/wp\/v2\/pages"}],"about":[{"href":"https:\/\/odyssee-kayak.com\/index.php\/wp-json\/wp\/v2\/types\/page"}],"author":[{"embeddable":true,"href":"https:\/\/odyssee-kayak.com\/index.php\/wp-json\/wp\/v2\/users\/1"}],"replies":[{"embeddable":true,"href":"https:\/\/odyssee-kayak.com\/index.php\/wp-json\/wp\/v2\/comments?post=423"}],"version-history":[{"count":14,"href":"https:\/\/odyssee-kayak.com\/index.php\/wp-json\/wp\/v2\/pages\/423\/revisions"}],"predecessor-version":[{"id":471,"href":"https:\/\/odyssee-kayak.com\/index.php\/wp-json\/wp\/v2\/pages\/423\/revisions\/471"}],"wp:attachment":[{"href":"https:\/\/odyssee-kayak.com\/index.php\/wp-json\/wp\/v2\/media?parent=423"}],"curies":[{"name":"wp","href":"https:\/\/api.w.org\/{rel}","templated":true}]}}