{"id":37,"date":"2026-02-24T16:00:30","date_gmt":"2026-02-24T16:00:30","guid":{"rendered":"https:\/\/odyssee-kayak.com\/?page_id=37"},"modified":"2026-04-05T07:05:10","modified_gmt":"2026-04-05T07:05:10","slug":"accueil","status":"publish","type":"page","link":"https:\/\/odyssee-kayak.com\/","title":{"rendered":"Accueil"},"content":{"rendered":"\n<div class=\"wp-block-cover alignfull has-parallax hero-home has-medium-font-size\" style=\"border-style:none;border-width:0px;margin-top:0px;margin-bottom:0px;padding-top:120px;padding-bottom:120px;min-height:300px;aspect-ratio:unset;\"><div class=\"wp-block-cover__image-background wp-image-68 size-full has-parallax\" style=\"background-position:50% 50%;background-image:url(https:\/\/odyssee-kayak.com\/wp-content\/uploads\/2026\/02\/levi-stute-txkNwusHNqM-unsplash-1.jpg)\"><\/div><span aria-hidden=\"true\" class=\"wp-block-cover__background has-background-dim-30 has-background-dim\" style=\"background-color:#0974f4\"><\/span><div class=\"wp-block-cover__inner-container is-layout-flow wp-container-core-cover-is-layout-653f2f92 wp-block-cover-is-layout-flow\">\n<div class=\"wp-block-group alignfull is-horizontal is-content-justification-left is-nowrap is-layout-flex wp-container-core-group-is-layout-1cc312ef wp-block-group-is-layout-flex\" style=\"min-height:389px;margin-top:0;margin-bottom:0;padding-top:0;padding-right:0;padding-bottom:0;padding-left:0\">\n<div class=\"wp-block-group is-layout-flow wp-container-core-group-is-layout-f9cb6abc wp-block-group-is-layout-flow\" style=\"margin-top:0;margin-bottom:0\">\n<h1 class=\"wp-block-heading alignfull has-text-color\" style=\"color:#fffffd;margin-top:var(--wp--preset--spacing--80);margin-right:0;margin-bottom:0rem;margin-left:var(--wp--preset--spacing--30);font-size:clamp(2.418rem, 2.418rem + ((1vw - 0.2rem) * 3.785), 4.5rem);font-style:normal;font-weight:600;line-height:1.1\"><strong><font dir=\"auto\" style=\"vertical-align: inherit;\"><font dir=\"auto\" style=\"vertical-align: inherit;\">Paddles &amp; Kayaks en libre-service <\/font><\/font><br><font dir=\"auto\" style=\"vertical-align: inherit;\"><font dir=\"auto\" style=\"vertical-align: inherit;\">\u00e0 Jard-sur-Mer<\/font><\/font><\/strong><\/h1>\n\n\n\n<h1 class=\"wp-block-heading\" style=\"margin-right:0;margin-left:var(--wp--preset--spacing--30);font-size:clamp(15.747px, 0.984rem + ((1vw - 3.2px) * 0.938), 24px);\">Le distributeur Odyss\u00e9e vous permet de r\u00e9server votre kayak ou votre paddle facilement et \u00e0 tout moment.<\/h1>\n\n\n\n<div class=\"wp-block-group is-vertical is-content-justification-stretch is-layout-flex wp-container-core-group-is-layout-53ad70e0 wp-block-group-is-layout-flex\" style=\"margin-top:1.61rem;padding-right:0px;padding-left:0px\">\n<div class=\"wp-block-buttons alignfull btn-responsive is-horizontal is-nowrap is-layout-flex wp-container-core-buttons-is-layout-0c0d7aac wp-block-buttons-is-layout-flex\" style=\"margin-top:0.51rem\">\n<div class=\"wp-block-button has-custom-width wp-block-button__width-25\"><a class=\"wp-block-button__link has-text-color has-background has-link-color has-custom-font-size wp-element-button\" href=\"https:\/\/odyssee.store.rentals\/#\/jardsurmer\/timing?lang=fr\" style=\"border-top-left-radius:1rem;border-top-right-radius:1rem;border-bottom-left-radius:1rem;border-bottom-right-radius:1rem;color:#ffffff;background-color:#fe6c1c;padding-top:0.8rem;padding-right:2.5rem;padding-bottom:0.8rem;padding-left:2.5rem;font-size:clamp(0.875rem, 0.875rem + ((1vw - 0.2rem) * 0.409), 1.1rem);font-style:normal;font-weight:600;text-transform:none\" target=\"_blank\" rel=\"noreferrer noopener\"><strong>R\u00e9server d\u00e8s maintenant<\/strong><\/a><\/div>\n<\/div>\n\n\n\n<div class=\"wp-block-group has-global-padding is-content-justification-left is-layout-constrained wp-container-core-group-is-layout-a938e025 wp-block-group-is-layout-constrained\" style=\"margin-top:0px\"><\/div>\n<\/div>\n<\/div>\n<\/div>\n<\/div><\/div>\n\n\n\n<div class=\"wp-block-cover alignfull is-light\" style=\"padding-top:3.51rem;padding-right:0px;padding-bottom:2.01rem;padding-left:0px\"><img decoding=\"async\" class=\"wp-block-cover__image-background\" alt=\"\" src=\"blob:https:\/\/odyssee-kayak.com\/b09659dc-8981-4149-a94e-fd7275ac7334\" data-object-fit=\"cover\"\/><span aria-hidden=\"true\" class=\"wp-block-cover__background has-background-dim\" style=\"background-color:#fff3ea\"><\/span><div class=\"wp-block-cover__inner-container is-layout-flow wp-block-cover-is-layout-flow\">\n<div class=\"wp-block-group alignfull is-layout-flow wp-block-group-is-layout-flow\" style=\"margin-top:0px;margin-bottom:0px;padding-top:0rem;padding-right:1px;padding-bottom:2.01rem;padding-left:1px\">\n<div class=\"wp-block-columns alignfull is-layout-flex wp-container-core-columns-is-layout-35290b6f wp-block-columns-is-layout-flex\" style=\"padding-top:0rem\">\n<div class=\"wp-block-column is-layout-flow wp-block-column-is-layout-flow\" style=\"padding-top:1rem;padding-right:0rem;padding-bottom:1rem;padding-left:0rem\">\n<div class=\"wp-block-cover is-light\" style=\"padding-right:0.51rem;padding-left:0.51rem;min-height:390px;aspect-ratio:unset;\"><img loading=\"lazy\" decoding=\"async\" width=\"1024\" height=\"576\" class=\"wp-block-cover__image-background wp-image-104 size-large\" alt=\"\" src=\"http:\/\/odyssee-kayak.com\/wp-content\/uploads\/2026\/02\/test-signa-ublo-2-1-1024x576.jpg\" style=\"object-position:30% 44%\" data-object-fit=\"cover\" data-object-position=\"30% 44%\" srcset=\"https:\/\/odyssee-kayak.com\/wp-content\/uploads\/2026\/02\/test-signa-ublo-2-1-1024x576.jpg 1024w, https:\/\/odyssee-kayak.com\/wp-content\/uploads\/2026\/02\/test-signa-ublo-2-1-300x169.jpg 300w, https:\/\/odyssee-kayak.com\/wp-content\/uploads\/2026\/02\/test-signa-ublo-2-1-768x432.jpg 768w, https:\/\/odyssee-kayak.com\/wp-content\/uploads\/2026\/02\/test-signa-ublo-2-1-1536x864.jpg 1536w, https:\/\/odyssee-kayak.com\/wp-content\/uploads\/2026\/02\/test-signa-ublo-2-1.jpg 1920w\" sizes=\"auto, (max-width: 1024px) 100vw, 1024px\" \/><span aria-hidden=\"true\" class=\"wp-block-cover__background has-background-dim-30 has-background-dim\" style=\"background-color:#fe6c1c\"><\/span><div class=\"wp-block-cover__inner-container has-global-padding is-layout-constrained wp-container-core-cover-is-layout-1a3bd245 wp-block-cover-is-layout-constrained\">\n<h3 class=\"wp-block-heading has-text-align-center has-text-color\" style=\"color:#fffffe;font-size:clamp(1.507rem, 1.507rem + ((1vw - 0.2rem) * 1.824), 2.51rem);\"><strong><a href=\"https:\/\/odyssee-kayak.com\/index.php\/kayak-simple\/\" target=\"_blank\" rel=\"noreferrer noopener\" style=\"color:inherit;text-decoration:none;\">kayaks simples<\/a><\/strong><\/h3>\n<\/div><\/div>\n<\/div>\n\n\n\n<div class=\"wp-block-column is-layout-flow wp-block-column-is-layout-flow\" style=\"padding-top:1rem;padding-right:0rem;padding-bottom:1rem;padding-left:0rem\">\n<div class=\"wp-block-cover is-light\" style=\"padding-right:0.51rem;padding-left:0.51rem;min-height:390px;aspect-ratio:unset;\"><img loading=\"lazy\" decoding=\"async\" width=\"1024\" height=\"682\" class=\"wp-block-cover__image-background wp-image-16 size-large\" alt=\"\" src=\"http:\/\/odyssee-kayak.com\/wp-content\/uploads\/2026\/02\/kayak-sud-pano-1024x682.jpg\" style=\"object-position:44% 50%\" data-object-fit=\"cover\" data-object-position=\"44% 50%\" srcset=\"https:\/\/odyssee-kayak.com\/wp-content\/uploads\/2026\/02\/kayak-sud-pano-1024x682.jpg 1024w, https:\/\/odyssee-kayak.com\/wp-content\/uploads\/2026\/02\/kayak-sud-pano-300x200.jpg 300w, https:\/\/odyssee-kayak.com\/wp-content\/uploads\/2026\/02\/kayak-sud-pano-768x512.jpg 768w, https:\/\/odyssee-kayak.com\/wp-content\/uploads\/2026\/02\/kayak-sud-pano-1536x1024.jpg 1536w, https:\/\/odyssee-kayak.com\/wp-content\/uploads\/2026\/02\/kayak-sud-pano.jpg 2000w\" sizes=\"auto, (max-width: 1024px) 100vw, 1024px\" \/><span aria-hidden=\"true\" class=\"wp-block-cover__background has-background-dim-30 has-background-dim\" style=\"background-color:#fe6c1c\"><\/span><div class=\"wp-block-cover__inner-container has-global-padding is-layout-constrained wp-container-core-cover-is-layout-1a3bd245 wp-block-cover-is-layout-constrained\">\n<h3 class=\"wp-block-heading has-text-align-center has-text-color\" style=\"color:#fffffd;font-size:clamp(1.507rem, 1.507rem + ((1vw - 0.2rem) * 1.824), 2.51rem);\"><strong><a href=\"https:\/\/odyssee-kayak.com\/index.php\/kayak-double\/\" target=\"_blank\" rel=\"noreferrer noopener\" style=\"color:inherit;text-decoration:none;\">Kayaks doubles<\/a><\/strong><\/h3>\n<\/div><\/div>\n<\/div>\n\n\n\n<div class=\"wp-block-column is-layout-flow wp-block-column-is-layout-flow\" style=\"padding-top:1rem;padding-right:0rem;padding-bottom:1rem;padding-left:0rem\">\n<div class=\"wp-block-cover is-light\" style=\"padding-right:0.51rem;padding-left:0.51rem;min-height:390px;aspect-ratio:unset;\"><img loading=\"lazy\" decoding=\"async\" width=\"2560\" height=\"1707\" class=\"wp-block-cover__image-background wp-image-462 size-full\" alt=\"\" src=\"http:\/\/odyssee-kayak.com\/wp-content\/uploads\/2026\/04\/maddle-nv-6i1znUg8-unsplash-1-scaled.jpg\" style=\"object-position:16% 55%\" data-object-fit=\"cover\" data-object-position=\"16% 55%\" srcset=\"https:\/\/odyssee-kayak.com\/wp-content\/uploads\/2026\/04\/maddle-nv-6i1znUg8-unsplash-1-scaled.jpg 2560w, https:\/\/odyssee-kayak.com\/wp-content\/uploads\/2026\/04\/maddle-nv-6i1znUg8-unsplash-1-300x200.jpg 300w, https:\/\/odyssee-kayak.com\/wp-content\/uploads\/2026\/04\/maddle-nv-6i1znUg8-unsplash-1-1024x683.jpg 1024w, https:\/\/odyssee-kayak.com\/wp-content\/uploads\/2026\/04\/maddle-nv-6i1znUg8-unsplash-1-768x512.jpg 768w, https:\/\/odyssee-kayak.com\/wp-content\/uploads\/2026\/04\/maddle-nv-6i1znUg8-unsplash-1-1536x1024.jpg 1536w, https:\/\/odyssee-kayak.com\/wp-content\/uploads\/2026\/04\/maddle-nv-6i1znUg8-unsplash-1-2048x1365.jpg 2048w\" sizes=\"auto, (max-width: 2560px) 100vw, 2560px\" \/><span aria-hidden=\"true\" class=\"wp-block-cover__background has-background-dim-30 has-background-dim\" style=\"background-color:#fe6c1c\"><\/span><div class=\"wp-block-cover__inner-container has-global-padding is-layout-constrained wp-container-core-cover-is-layout-1a3bd245 wp-block-cover-is-layout-constrained\">\n<h3 class=\"wp-block-heading has-text-align-center has-text-color\" style=\"color:#fffffd;font-size:clamp(1.507rem, 1.507rem + ((1vw - 0.2rem) * 1.824), 2.51rem);\"><strong><a style=\"color:#fffffd;text-decoration:none;\" href=\"https:\/\/odyssee-kayak.com\/index.php\/paddle\/\" target=\"_blank\" rel=\"noreferrer noopener\"><font dir=\"auto\" style=\"vertical-align: inherit;\"><font dir=\"auto\" style=\"vertical-align: inherit;\"><font dir=\"auto\" style=\"vertical-align: inherit;\"><font dir=\"auto\" style=\"vertical-align: inherit;\">Paddles<\/font><\/font><\/font><\/font><\/a><\/strong><\/h3>\n<\/div><\/div>\n<\/div>\n<\/div>\n<\/div>\n<\/div><\/div>\n\n\n\n<div class=\"wp-block-cover alignfull has-parallax\"><div class=\"wp-block-cover__image-background wp-image-68 size-full has-parallax\" style=\"background-position:50% 50%;background-image:url(https:\/\/odyssee-kayak.com\/wp-content\/uploads\/2026\/02\/levi-stute-txkNwusHNqM-unsplash-1.jpg)\"><\/div><span aria-hidden=\"true\" class=\"wp-block-cover__background has-background-dim-30 has-background-dim\" style=\"background-color:#0974f4\"><\/span><div class=\"wp-block-cover__inner-container is-layout-flow wp-block-cover-is-layout-flow\">\n<iframe src=\"https:\/\/www.google.com\/maps\/embed?pb=!1m18!1m12!1m3!1d2780.4955283952027!2d-1.5709999359794076!3d46.408584552991194!2m3!1f0!2f0!3f0!3m2!1i1024!2i768!4f13.1!3m3!1m2!1s0x480413003e7b2c45%3A0x7629f3f4aedfad3d!2sPlage%20de%20Grand%20Boisvinet!5e1!3m2!1sfr!2sfr!4v1775372533662!5m2!1sfr!2sfr\" width=\"100%\"\nheight=\"500\"\nstyle=\"border:0; border-radius:12px; display:block; margin:auto;\"\nallowfullscreen=\"\"\nloading=\"lazy\"\nreferrerpolicy=\"no-referrer-when-downgrade\">\n<\/iframe>\n\n\n\n<p class=\"has-text-align-center has-large-font-size\"><\/p>\n<\/div><\/div>\n\n\n\n<div class=\"wp-block-group alignfull has-background is-layout-flow wp-container-core-group-is-layout-c3acf51c wp-block-group-is-layout-flow\" style=\"background-color:#fff3ea;padding-top:3.51rem;padding-right:1.01rem;padding-bottom:5.01rem;padding-left:1.01rem\">\n<div class=\"wp-block-columns is-layout-flex wp-container-core-columns-is-layout-28f84493 wp-block-columns-is-layout-flex\">\n<div class=\"wp-block-column is-layout-flow wp-block-column-is-layout-flow\" style=\"flex-basis:55%\">\n<figure class=\"wp-block-image aligncenter size-full is-resized has-custom-border is-style-default\"><img loading=\"lazy\" decoding=\"async\" width=\"2000\" height=\"2000\" src=\"https:\/\/odyssee-kayak.com\/wp-content\/uploads\/2026\/04\/Nicole-3-1.png\" alt=\"\" class=\"wp-image-361\" style=\"border-style:none;border-width:0px;border-top-left-radius:50px;border-top-right-radius:50px;border-bottom-left-radius:50px;border-bottom-right-radius:50px;object-fit:cover;width:500px;height:400px\" srcset=\"https:\/\/odyssee-kayak.com\/wp-content\/uploads\/2026\/04\/Nicole-3-1.png 2000w, https:\/\/odyssee-kayak.com\/wp-content\/uploads\/2026\/04\/Nicole-3-1-300x300.png 300w, https:\/\/odyssee-kayak.com\/wp-content\/uploads\/2026\/04\/Nicole-3-1-1024x1024.png 1024w, https:\/\/odyssee-kayak.com\/wp-content\/uploads\/2026\/04\/Nicole-3-1-150x150.png 150w, https:\/\/odyssee-kayak.com\/wp-content\/uploads\/2026\/04\/Nicole-3-1-768x768.png 768w, https:\/\/odyssee-kayak.com\/wp-content\/uploads\/2026\/04\/Nicole-3-1-1536x1536.png 1536w\" sizes=\"auto, (max-width: 2000px) 100vw, 2000px\" \/><\/figure>\n<\/div>\n\n\n\n<div class=\"wp-block-column is-vertically-aligned-center is-layout-flow wp-block-column-is-layout-flow\" style=\"padding-top:0;padding-right:0px;flex-basis:45%\">\n<div class=\"wp-block-group has-background has-global-padding is-layout-constrained wp-container-core-group-is-layout-71f675c7 wp-block-group-is-layout-constrained\" style=\"border-top-left-radius:16px;border-top-right-radius:16px;border-bottom-left-radius:16px;border-bottom-right-radius:16px;background-color:#ffffff;padding-top:20px;padding-right:20px;padding-bottom:20px;padding-left:20px\">\n<h3 class=\"wp-block-heading has-text-align-center has-text-color\" style=\"color:#010101;margin-top:0.5rem;margin-bottom:0rem;font-size:clamp(1.556rem, 1.556rem + ((1vw - 0.2rem) * 1.916), 2.61rem);font-style:normal;font-weight:500;letter-spacing:0px;line-height:1.3\">Lancez votre propre station libre service<\/h3>\n<\/div>\n\n\n\n<div class=\"wp-block-group has-background is-layout-flow wp-block-group-is-layout-flow\" style=\"border-top-left-radius:16px;border-top-right-radius:16px;border-bottom-left-radius:16px;border-bottom-right-radius:16px;background-color:#ffffff;padding-top:20px;padding-right:20px;padding-bottom:20px;padding-left:20px\">\n<p class=\"has-text-align-center has-text-color\" style=\"color:#010101;font-size:clamp(0.875rem, 0.875rem + ((1vw - 0.2rem) * 0.227), 1rem);\">Pour plus d&#8217;informations, contactez nous directement par mail :<\/p>\n\n\n\n<div class=\"wp-block-buttons is-content-justification-center is-layout-flex wp-container-core-buttons-is-layout-a89b3969 wp-block-buttons-is-layout-flex\">\n<div class=\"wp-block-button\"><a class=\"wp-block-button__link has-background has-text-align-center wp-element-button\" href=\"mailto:contact@odyssee-kayak.com\" style=\"border-top-left-radius:10px;border-top-right-radius:10px;border-bottom-left-radius:10px;border-bottom-right-radius:10px;background-color:#fe6c1c;padding-top:var(--wp--preset--spacing--20);padding-right:var(--wp--preset--spacing--20);padding-bottom:var(--wp--preset--spacing--20);padding-left:var(--wp--preset--spacing--20)\" target=\"_blank\" rel=\"noreferrer noopener\"><strong>Demander des infos<\/strong><\/a><\/div>\n<\/div>\n<\/div>\n<\/div>\n<\/div>\n<\/div>\n\n\n\n<p><\/p>\n","protected":false},"excerpt":{"rendered":"<p>Lancez votre propre station libre service Pour plus d&#8217;informations, contactez nous directement par mail :<\/p>\n","protected":false},"author":1,"featured_media":0,"parent":0,"menu_order":0,"comment_status":"closed","ping_status":"closed","template":"","meta":{"footnotes":""},"class_list":["post-37","page","type-page","status-publish","hentry"],"_links":{"self":[{"href":"https:\/\/odyssee-kayak.com\/index.php\/wp-json\/wp\/v2\/pages\/37","targetHints":{"allow":["GET"]}}],"collection":[{"href":"https:\/\/odyssee-kayak.com\/index.php\/wp-json\/wp\/v2\/pages"}],"about":[{"href":"https:\/\/odyssee-kayak.com\/index.php\/wp-json\/wp\/v2\/types\/page"}],"author":[{"embeddable":true,"href":"https:\/\/odyssee-kayak.com\/index.php\/wp-json\/wp\/v2\/users\/1"}],"replies":[{"embeddable":true,"href":"https:\/\/odyssee-kayak.com\/index.php\/wp-json\/wp\/v2\/comments?post=37"}],"version-history":[{"count":210,"href":"https:\/\/odyssee-kayak.com\/index.php\/wp-json\/wp\/v2\/pages\/37\/revisions"}],"predecessor-version":[{"id":491,"href":"https:\/\/odyssee-kayak.com\/index.php\/wp-json\/wp\/v2\/pages\/37\/revisions\/491"}],"wp:attachment":[{"href":"https:\/\/odyssee-kayak.com\/index.php\/wp-json\/wp\/v2\/media?parent=37"}],"curies":[{"name":"wp","href":"https:\/\/api.w.org\/{rel}","templated":true}]}}